s of a.
3, 29
Let p be (-2)/6 + (-1622)/(-6). Suppose 0 = -g + 4*h + 113, -2*g + 0*h = 3*h - p. What are the prime factors of g?
3, 43
What are the prime factors of (114/(-21) - 4)*-7?
2, 3, 11
Suppose -2*s - 130 = 132. Let x = -55 - s. What are the prime factors of x?
2, 19
Suppose -k + 6*k - 10 = 0. Suppose 4*c = 16, -7*i - 7 = -k*i + 2*c. List the prime factors of (24 - i) + (0 - 1).
2, 13
Let v be (-2)/(-12) + 9637/138. List the prime factors of v/22 + (-2)/11.
3
Suppose -4*d + 467 = 2*z - 3*d, -3*z - 5*d + 690 = 0. List the prime factors of z.
5, 47
Suppose -u = -6*u. Suppose -3*c + 5*c - 40 = u. List the prime factors of c.
2, 5
Let w(r) = -8*r**2 - 1 + 23*r**2 - 2*r**3 + 4*r - 15*r**2. What are the prime factors of w(-3)?
41
Let q(f) be the second derivative of 5*f**4/3 - 7*f**3/6 - 7*f**2 - 28*f - 1. What are the prime factors of q(-2)?
2, 5
Suppose 0 = 13*a - 16*a - 2*n + 7570, -4*a = n - 10090. List the prime factors of a.
2, 13, 97
Suppose x + 2*n + n - 177 = 0, -543 = -3*x + 3*n. Let c = x - 87. What are the prime factors of c?
3, 31
Let g be 0*(18/(-4) - -4). Suppose r + 4 = -g*r. What are the prime factors of (-10)/r*(3 + 17)?
2, 5
Suppose -882 - 756 = -14*j. What are the prime factors of j?
3, 13
Suppose -20 = 2*w - 7*w. Suppose -6*p + 166 = -w*p - 4*o, 5*o = 4*p - 335. What are the prime factors of p?
5, 17
Suppose -8*w = -3304 - 520. What are the prime factors of w?
2, 239
Let b = 0 + -8. Let s be (-1 - 0)/(b/40). Suppose -s*j - 75 + 240 = 0. What are the prime factors of j?
3, 11
Let t be (-6)/(-4)*48/(-12). Let c be (-1)/(-4) - t/(-24). Suppose 3*b - 3*w - 123 = c, w = -b + 5*w + 53. What are the prime factors of b?
37
What are the prime factors of (-7)/1 + (1311 - -4)?
2, 3, 109
Suppose 0 = 2*a + 66 - 0. Let s = -3 - a. What are the prime factors of s?
2, 3, 5
Suppose 300 = 3*r - 336. Let d = r + 0. What are the prime factors of d?
2, 53
Suppose v + v = 24. List the prime factors of (-22)/(-4)*v/2.
3, 11
Let v = -8 - -15. Let i(w) = -w + 4. Let l be i(v). List the prime factors of 1/(-3) + (-73)/l.
2, 3
Let o(s) = s**3 - 13*s**2 - 20*s + 10. Let n be o(14). Let h = 28 - n. What are the prime factors of h?
2, 3, 17
Suppose -5*r - 9*g + 8*g = -2596, 508 = r + 3*g. What are the prime factors of r?
2, 5, 13
Let u be 99/(-3)*1/(-3). Suppose 19 = -2*g - 5. Let n = u - g. What are the prime factors of n?
23
Let d be (0 - (-4 - -4))*-1. Suppose 0 = -d*y + 5*y - 60. What are the prime factors of y?
2, 3
Suppose -u + 4*u = 9. Suppose u*y - 18 = -0*y. Suppose -y*z + 155 = -z. List the prime factors of z.
31
Suppose 15 = -32*i + 27*i. What are the prime factors of (23 - 0) + (i - 0)?
2, 5
Suppose -60*n + m + 7565 = -55*n, 0 = 4*n - 3*m - 6052. List the prime factors of n.
17, 89
Let k = 10 + -10. Suppose 0*p + 4*p + 40 = k. Let f(c) = -3*c - 10. List the prime factors of f(p).
2, 5
Suppose -2*u + 10 = 3*x - 0*u, -12 = -x - 5*u. Let s(r) = 104*r + 10. List the prime factors of s(x).
2, 109
Let o = 3142 - 1894. What are the prime factors of o?
2, 3, 13
Suppose 4*a + 2 = -3*i + 4, 0 = -2*a + 3*i + 10. Let y(j) = -j**2 + 0 + a - 7*j**3 + 15*j**3. List the prime factors of y(2).
2, 31
Suppose 0 = -0*f - 3*f - 45. Let v = 12 + f. List the prime factors of 2/v + (-58)/(-6).
3
Let y(w) = 4*w**2 + 3*w - 2. Let v be y(1). Suppose 5*a - 558 = -v*p - 28, 2*a - p - 224 = 0. List the prime factors of a.
2, 5, 11
Suppose 60*b - 3*b = 139992. List the prime factors of b.
2, 307
Let a(p) = 98*p**2 - 8*p - 23. What are the prime factors of a(4)?
17, 89
Let u(p) = 17*p**2 - 16*p + 3. Let o(m) = 8*m**2 - 8*m + 1. Let c(i) = 13*o(i) - 6*u(i). Let q = -14 - -20. List the prime factors of c(q).
19
Let b(w) = -w + 15. Let p be b(-7). Suppose -4*f + 5*s + 21 = 2, 3*f + 3*s + 6 = 0. Let x = p - f. List the prime factors of x.
3, 7
Let g(d) = 2*d + 29. Let k be g(-15). Let z(t) = -35*t**3 - 2*t**2 + t + 2. List the prime factors of z(k).
2, 17
Suppose 5*q + 702 = -2*m, -2*q - 5*m - 223 = 62. Let u = 240 + q. What are the prime factors of u?
2, 5
What are the prime factors of (356/(-8))/(5/(-80))?
2, 89
Let s(w) = 412*w**2 + 2*w - 8. What are the prime factors of s(-3)?
2, 1847
Suppose 4*t - 15 + 3 = 0. Suppose 3*c = -t*o + 87, o + 29 = 2*o - 4*c. What are the prime factors of o?
29
Suppose -13*f + 11*f - 10 = 0. What are the prime factors of 2056/18 + f/(135/6)?
2, 3, 19
Let f(a) = a**2 + 21*a + 103. What are the prime factors of f(-28)?
13, 23
Let h be (1 - 1)/(27/(-9)). Suppose p + 2 = -h*p + y, 0 = -4*p + 2*y. Suppose -4*j + 139 = 5*x, x + 5*j = -p*x + 86. What are the prime factors of x?
3
What are the prime factors of 28*(5 - (-63)/(-36))?
7, 13
Let c(t) = 52*t - 3. Suppose b - 8 = -2*q - 0*b, -4*b = -4*q - 8. Let x be c(q). Let j = -50 + x. List the prime factors of j.
3, 17
Suppose 13*g - 15*g = -264. What are the prime factors of (0 + g)*9/((-54)/(-4))?
2, 11
Let r(f) = 3*f - 17. Let y = 16 - 11. Suppose y*v = -2*u + 11 - 2, -5 = 5*v. What are the prime factors of r(u)?
2
Suppose 3*m + 2 = -5*u - 0*m, m = 5*u - 14. Suppose -3*h + u*g + 31 = -2*h, -3*g = 4*h - 146. Let p = h + 5. What are the prime factors of p?
2, 5
List the prime factors of ((-387)/4)/((-3)/12)*2.
2, 3, 43
Let s be 14/21*27/(-2). Let w(a) = -a**3 - 9*a**2 - a - 9. Let i be w(s). Suppose 3*n = -i*n + 9. What are the prime factors of n?
3
Let b(i) = 6*i**2 - 23*i + 20. What are the prime factors of b(17)?
29, 47
Let o(r) = -12 + 1 + 0*r**3 - r**3 + 0*r**3 + 11*r**2 - 5*r. List the prime factors of o(10).
3, 13
Let x(n) = 7*n**2 - n + 1. Suppose -s = 3*i + 2, 3*i = -3*s + 1 + 17. Let p = s - 9. What are the prime factors of x(p)?
7
Let p(r) be the first derivative of r**3/3 - 5*r**2/2 - 18*r + 3. Let x be p(9). Let d = 68 - x. List the prime factors of d.
2, 5
Suppose 5*v + 5*g = 690, -9*v + 702 = -4*v - g. List the prime factors of v.
2, 5, 7
Let b(r) = -r**3 - r**2 + r. Let k(l) = -4*l**3 + 6*l**2 - 3*l + 5. Let d(y) = 5*b(y) - k(y). List the prime factors of d(-12).
43
Suppose 0*x = -2*x - 4. Let i be (-1 + 1)/(-3 - x). Suppose l - 2*l + 29 = i. List the prime factors of l.
29
Let c be (19 - 1)*(-3)/(-3). Suppose 0 = 2*m + 6, y - 5*y + c = 2*m. Suppose 10*f - y = 7*f. What are the prime factors of f?
2
Let j(g) = 7*g**2 - 2*g**2 + 4*g - 5*g. Let q be j(1). Suppose 0 = -3*a + q*m + 72, -2*a + 4*m = -5*a + 48. What are the prime factors of a?
2, 5
Let f(g) = 8*g**2 - 4. Let p be f(2). Suppose -3*o - p = -k, k - 4*o = -3*o + 24. List the prime factors of k.
2, 11
Suppose -5*c + 3*c - 9449 = -3*v, 0 = -v - 4*c + 3145. What are the prime factors of v?
47, 67
Let f be (-48)/18*-1*6 - 1. List the prime factors of 6/f - 412/(-20).
3, 7
Let k = 133 - -2. List the prime factors of k.
3, 5
Let z(p) = -p**3 - 7*p**2 + 8*p - 1. Let n be z(-8). Let l be 5*n*(-12)/15. Let d = l - -7. List the prime factors of d.
11
Suppose 3*i = 5*n - 3*n - 257, -n + 130 = -2*i. Suppose -13*w + n = -357. What are the prime factors of w?
37
Let b(u) = u**3 + 15*u**2 - 6*u + 23. What are the prime factors of b(-13)?
439
Suppose 6539 = 31*t - 18*t. What are the prime factors of t?
503
Suppose -23*y = -40*y + 13124. List the prime factors of y.
2, 193
Let o = 6375 + -2647. List the prime factors of o.
2, 233
Let s(z) be the third derivative of -z**5/60 + z**4/8 - z**3/6 - 10*z**2. Let w be s(2). What are the prime factors of (-6)/w*(-34)/4?
3, 17
Let p(u) = u**3 + 2*u**2 - 3*u - 1. Suppose -2*s = -w + 3*s + 25, -5*s = 2*w + 10. Let t be p(w). Suppose 4*a - 13 = t. List the prime factors of a.
43
Let z(s) = -s**3 + 6*s**2 + 2*s - 14. Let v be z(6). Let c = 95 - v. What are the prime factors of c?
97
Let q(m) = -3*m - m - 7 - 3*m. Let t be q(-3). Suppose -118 - t = -4*b. List the prime factors of b.
3, 11
Suppose 6*m - m = 4*m. Let b = 50 - m. What are the prime factors of b?
2, 5
Let m = 3 - 0. Suppose 0 = l, -m*r - r + 4*l + 300 = 0. List the prime factors of r/6 - 2/(-4).
13
Suppose -2896 = 54*h - 75148. List the prime factors of h.
2, 3, 223
Let u(h) = -h**2 + 19*h - 6. Suppose 4*o - 2*d = 3*d + 26, 2*o - 6 = -d. List the prime factors of u(o).
2, 3
Let z(q) = q**2 - 41*q + 12. What are the prime factors of z(-19)?
2, 3
Let i(b) = -b + 37. Let w = -18 - -20. Suppose -3*j = -w*j - 5*s - 5, -s - 1 = 0. What are the p